(8)?
3
Let u = -25 + 25. Let s(l) = -3 - 3*l - l**3 + 6*l**2 + u*l**2 + 13 + l**2. What is s(7)?
-11
Let t(w) be the first derivative of -w**4/4 - 4*w**3/3 - 5*w**2/2 + w + 3. Determine t(-4).
21
Let r(i) = i**3 + 7*i**2 - 7*i + 8. Suppose 0 = -83*l + 89*l + 48. Determine r(l).
0
Let n(b) = -8*b + 3. Let p be 1/(-3 - 21/(-6)). What is n(p)?
-13
Let r = 17 - 20. Let a(h) be the third derivative of h**7/1260 - h**5/20 + 3*h**2. Let n(k) be the third derivative of a(k). Calculate n(r).
-12
Suppose -i - 18 = -2*i + 5*p, 5*i - 12 = -p. Suppose -i*c - 2*h = -22, -6*h - 3 = -3*h. Let w(y) = y - 3. Determine w(c).
5
Let r(s) = s**3 + 5*s**2 - 5*s + 4. Let q = 111 + -103. Suppose -3*t - 10 = q. What is r(t)?
-2
Let p(y) = -1706 + 3421 + 17*y**2 - y**3 - 1714. Calculate p(17).
1
Let a(y) = 2*y - 3. Let w(s) = 2*s - 4. Let u(v) = 6*a(v) - 5*w(v). Suppose 3*d + 6 = -6. What is u(d)?
-6
Let b be (-2 + -2)/(4/6). Let y(j) be the second derivative of 8*j + 3*j**2 - 1/2*j**3 - 1/12*j**4 + 0. Determine y(b).
-12
Let h(l) = -l - 1. Let z(s) = s**3 - 7*s**2 + 6*s - 1. Let y(k) = -5*h(k) - z(k). Suppose -3*j = -3*x + 2*x - 17, -5*x = -5*j + 15. Give y(j).
-1
Let k = -72 - -137. Suppose 9*v = 4*v + k. Suppose -3 = -4*b + v. Let s(h) = h - 5. Give s(b).
-1
Let m(p) be the third derivative of p**6/720 - p**5/60 + 2*p**4/3 + 24*p**2. Let x(z) be the second derivative of m(z). Give x(0).
-2
Let k(l) = l + 1 + 10 + 3 + 2*l - 4. Determine k(-5).
-5
Let x(g) = -3*g**2 + 21*g - 11. Let u be x(6). Let m(a) = 4*a + 9. Let b(j) = -j. Let c(l) = 5*b(l) + m(l). What is c(u)?
2
Let a(b) = -b**3 + 5*b**2 + 10*b + 2. Let m be (-28)/(-10)*(-25)/(-10). Give a(m).
-26
Suppose 6*c - 2*c = 28. Let w(y) be the first derivative of -y**5/120 + y**4/4 + 2*y**3/3 - 7. Let j(a) be the third derivative of w(a). Determine j(c).
-1
Let m(h) = h**2 - 6. Let i(n) = n**2 - 1. Suppose 2 = -2*w - 4*u, -2*w + 8 = w - 5*u. Let z be i(w). Give m(z).
-6
Let f(r) = -r**3 + 5*r**2 - 4*r + 4. Let h(a) = -a**3 + 19*a**2 + 19*a + 8. Let s be h(20). Let b be ((-6)/s)/(2/12). Calculate f(b).
10
Let q(z) = z + 13. Let d(c) = -2*c - 25. Let v(h) = -4*d(h) - 7*q(h). Determine v(-8).
1
Let t(d) be the second derivative of -d**5/10 + d**4/12 + d**3/3 + d**2 + d + 88. Give t(-1).
3
Suppose -3*q = -5*q + 6. Let b(v) = -2*v - 2*v**2 - v**q - 1 + v**3 + 3*v**3. Suppose -5*z - 11 = -3*a, 3*z + 0*z = a - 5. What is b(z)?
-4
Let g(s) = s**2 + 5*s + 5. Let d(v) = v**3 - 9*v**2 + 11*v - 6. Let i be ((-6)/3 - 5)/(-1). Let f be d(i). Let y = f + 21. Determine g(y).
11
Suppose -6*j - 15 = -9*j. Let f(d) be the first derivative of 7*d - 1 - 4/3*d**3 - 7/2*d**2 + 1/4*d**4. Determine f(j).
-3
Let x(m) = -2*m**2 + 46*m + 211. Let c be x(27). Let z(f) = f**2 + 7*f + 1. What is z(c)?
-9
Let t(i) be the first derivative of -i**4/2 + i**3 - i**2 + 2*i + 95. Calculate t(3).
-31
Let s(w) = -w + 17. Let p be (-7)/2*4/(-21)*15. What is s(p)?
7
Let g(i) = -i**2 + 2*i + 3. Let c be (-10)/(0 + (2 - 4)). Suppose 2*p + 27 = c*p. Let w be p/6*20/6. Determine g(w).
-12
Let q(d) = -d**3 + 4*d**2 + 7*d - 9. Suppose j + 9*j - 50 = 0. Let b be q(j). Let c(f) = -6*f**2 + f. Give c(b).
-5
Let m(d) = -d**3 - d**2 + 4*d - 1. Let p(h) = -h + 4. Let w be p(7). Let x be m(w). Suppose 0 = x*q + 17 + 13. Let l(v) = v + 12. Calculate l(q).
6
Let z(b) be the second derivative of -b**3/6 - b**2/2 + 167*b. Determine z(4).
-5
Let r(q) = 4*q**2 + 6*q - 2. Let p(k) be the second derivative of -3*k**4/4 - 2*k**3 + 5*k**2/2 - 3*k. Let d(n) = -2*p(n) - 5*r(n). Determine d(-4).
-8
Let n(r) = 3*r**2 + 2*r + 3*r**2 + 13*r**2 - 3*r. Suppose -4*x - 6 + 14 = 0. Let t be x/3*3/2. Determine n(t).
18
Suppose 0 = -6*l - 80 + 38. Let k(h) = -2*h - 6. What is k(l)?
8
Let i(p) = 0 + 6*p - 1158*p**2 + 1159*p**2 - 6 - 5. Give i(-8).
5
Let g(c) be the second derivative of c**4/12 - 5*c**3/6 - c**2/2 + 36*c. Give g(6).
5
Let q(d) = d**3 - 9*d**2 - 5. Let c be ((-18)/(-15))/(26/(-30) + 1). What is q(c)?
-5
Let d(z) = z + 8. Let j be d(7). Let y(n) = -j - 3*n + n + n - n. Give y(-10).
5
Let q(m) be the second derivative of -m**3/3 - m**2/2 + 675*m. Determine q(-9).
17
Let m be 195/27 + 5/(90/(-4)). Let x(v) = 4*v. Calculate x(m).
28
Let n(d) = 3*d - 111 - d**3 - 143 + 5*d**2 + 279. What is n(6)?
7
Let r(s) = -s**2 - s - 1. Let u(h) = -5*h**2 + 7*h - 8. Let m(v) = -4*r(v) + u(v). Calculate m(11).
-4
Let w(u) = -u**3 - 4*u**2 - u + 4. Let x be w(-3). Suppose 29 + 7 = 18*c. Let k(q) = -2*q**3 + 4*q**3 + 12*q**c - 5*q**2 + q - 4*q**2. What is k(x)?
-6
Let u(v) be the second derivative of v**5/20 + v**4/6 - v**3/2 - v**2/2 + 71*v. Suppose 0*q + 4*q = -12. Give u(q).
-1
Let d(c) be the second derivative of c**3 + 3/2*c**2 + 0 - 2*c. Suppose -10*q = 5 + 15. What is d(q)?
-9
Let z(c) = 30 - 34 + 2*c - 3*c. Suppose -5*w - 6 = -3*w. What is z(w)?
-1
Suppose 0*p - p = 4. Suppose -145 = -4*y - 3*a + 2*a, 5*y - 4*a - 197 = 0. Let g(x) = -y + 37 + 2*x + 0*x. What is g(p)?
-8
Let n(u) = -2*u - 11. Let v be n(-4). Let y(g) = -22*g + 0 - 2 + 45*g - 28*g - g**2. Determine y(v).
4
Let i(f) be the first derivative of -f**4/4 - 13*f**3/3 - f**2/2 + 8*f + 470. Give i(-13).
21
Let c(l) = l**3 - 5 + 7*l**2 + 2 + 4*l - 2*l + 4. Suppose 2*o + 18 = -2*p, -o = -p - p. What is c(o)?
25
Suppose v = -0 - 6. Let m(s) = -22*s**2 - 4*s + 47*s**2 - s**3 + 7 - 32*s**2 - 2. Calculate m(v).
-7
Let n(y) be the first derivative of y**4/4 + 13*y**3/3 + 13*y**2/2 + 13*y + 191. Calculate n(-12).
1
Let s(o) = -o**3 - 10*o**2 + o + 15. Let x be (6 - 3)/(-2*3/20). Determine s(x).
5
Let r(y) = -y**3 + 2*y - y**2 - 4*y**2 - y**2 - 3*y. Let w be (-12)/9 - (-14)/(-3). What is r(w)?
6
Suppose -3*r + 17 = -5*i, 2*r + r - 4*i = 19. Let o(q) = -q**3 + q + 1 - r*q + 7*q + 3*q**2. What is o(2)?
3
Suppose -4*v + 44 = 3*s, s - 20 = -3*v + 2*s. Let m(x) = -1 + 0 - v*x + 5*x + 6*x. Calculate m(2).
5
Let c(o) = -o + 1. Let i be (-1 - (-7)/(-3))/(1404/(-2106)). Give c(i).
-4
Let r(t) = t**3 + 8*t**2 + 7*t + 3. Let z(g) = -g + 13. Let h be z(-11). Let d = 17 - h. Give r(d).
3
Suppose -4*n - 2*r - 2 = 0, -r - 4*r + 3 = 2*n. Let f(p) = -6*p. Let v(s) = -6*s. Let g(d) = -6*f(d) + 5*v(d). Calculate g(n).
-6
Let j(v) = -17*v**2 + 7*v - 2. Let t(n) = 8*n**2 - 3*n + 1. Let d(b) = 2*j(b) + 5*t(b). Let i be (-1)/(-5 + 44/8). Let a be 2 + i*(-4 + 0)/(-8). Determine d(a).
6
Let d(k) = 2*k**2 - 8*k + 4. Let w = -47 + 72. Suppose w = 4*i + i. What is d(i)?
14
Let d(q) = 20*q**3 + 30*q**2 + 19*q + 6. Let z(r) = -9*r**3 - 15*r**2 - 10*r - 3. Let s(a) = -4*d(a) - 9*z(a). Calculate s(-14).
3
Let j(d) = d**3 + 4*d**2 - 8*d + 10. Let a(x) = -2*x + 3. Let r(g) = 2*a(g) - j(g). What is r(-5)?
1
Suppose 5*m = 5*y - 20, 2*y = -3*y + 2*m + 20. Let p = -4 + y. Let q(r) = 3*r**3 - 4*r**3 - 6 + r + 13. Give q(p).
7
Let a be 6/(-21) - 66/14. Let p be (5 - 2)*a/(-3). Let l(c) = p + c + 0 + 3 + 0. Determine l(-6).
2
Suppose t + 0 = 1. Let q(a) = 7*a**2 + 1 - a - a**2 + 4*a**2. Determine q(t).
10
Suppose -4*w = -4*u - 0*w + 28, 0 = u + 4*w - 17. Let i(g) = -g**3 + 8*g**2 + 11*g - 9. What is i(u)?
9
Let b(x) = -5*x - 4. Let z(t) = -7*t + 306. Let p be z(43). Calculate b(p).
-29
Let f(p) be the third derivative of -p**6/120 + 7*p**5/60 - p**4/2 + p**3/2 - 134*p**2. Determine f(5).
-7
Suppose k = -k + 2*y - 4, 3*k = 4*y - 6. Let f(c) = c**2 + 1. What is f(k)?
5
Let z(s) be the second derivative of -s**3/3 + 19*s**2/2 + 3*s. Calculate z(10).
-1
Let g = 3 - 6. Let f(k) = 2. Let d(i) = -3*i + 4. Suppose -8*c + 5*c + 3 = 0. Let y(r) = c*d(r) - 3*f(r). Give y(g).
7
Let c(h) = 2 + 5 + 2 + h - 4. Let m be -3*-3*(-10)/(-9). Suppose 0 = -m*f + 5*f. What is c(f)?
5
Let t(k) = k. Suppose 0*q = 2*q - 160. Suppose -4*m = -3*b + 5*b - q, -5*m + 74 = -4*b. Suppose 3*g - m = -6. Calculate t(g).
4
Let z(r) be the third derivative of r**6/120 - 2*r**5/15 + r**4/3 - 5*r**3/2 - 31*r**2 + r. Calculate z(7).
-8
Suppose -2*i + 2*p = -3*i + 2, 3*i = 4*p + 6. Suppose 4*v = -8, -a + i*v + 0*v = -4. Let j = a - 1. Let l(b) = -11*b. Determine l(j).
11
Suppose 0 = 4*z - z - 30. Let r be 8/z + 112/35. Suppose -p - r + 5 = 0. Let n(a) = 2*a**2 - a. What is n(p)?
1
Let d(a) = -4*a - 11. Suppose -g - 5*t = -20, -5*g = 21*t - 23*t + 35. What is d(g)?
9
Suppose -9*n + 158 = 14. Suppose 8*d = 8 + n. Let i(r) = 